 - -3 - (-95 - 0). Suppose w + u = 5*z - 0*w, 0 = 2*z - 3*w - q. What are the prime factors of z?
2, 5
Let i(w) = 3*w - 1. Let l(h) = -h. Let x(f) = -i(f) - l(f). What are the prime factors of x(-5)?
11
Let j(y) = -y**3 + 16*y**2 + 9*y + 14. List the prime factors of j(16).
2, 79
Let u be -14 + -4*2/(-4). Let x = 26 + u. What are the prime factors of x?
2, 7
List the prime factors of (-5 - 468/4)/(-2).
61
Suppose -2*v = 2*r - v + 19, -4*r - 5*v = 53. Let z = r - -5. List the prime factors of 38/4 + z/4.
3
Let q(v) = 2*v**2 + 7. Let c(t) = -t**2 - 6. Let s(m) = 4*c(m) + 3*q(m). Let i be s(3). Suppose -u + 4*u - i = 0. List the prime factors of u.
5
Let k = -10 + 17. Let x(c) = -c**3 + 6*c**2 + 6*c + 9. Let a be x(k). Suppose a*y = 3*g - 57, 86 = 5*g - 4*y - 11. List the prime factors of g.
17
Suppose 0 = -5*j + 2*r + 57, 5*j - 11 = -4*r + 40. What are the prime factors of j?
11
Let s be 0*(-3)/(-9) + 12. Suppose 0 = -2*b - 2*b - s. Let g = 1 - b. What are the prime factors of g?
2
Let n(f) = 2 - 3 - f - 9*f**3 + f. List the prime factors of n(-1).
2
Suppose 5*l - 153 - 202 = -c, 4*l + 5*c = 263. List the prime factors of l.
2, 3
Suppose -45 = -2*s + s. List the prime factors of s.
3, 5
Let o(l) = 7*l**2 + 20*l + 7. What are the prime factors of o(-8)?
5, 59
Suppose -4*b - 6 = 6. List the prime factors of 2*((-2)/4 - b).
5
Let g = 7 - 7. Let l be 0 - (2 + -1 - g). List the prime factors of (-2)/(2/(-17)) + l.
2
List the prime factors of (-1 + -2)/(6/(-4)).
2
Suppose 12 = -3*x, 7*q - 3*q = 2*x + 16. Suppose 0 = f - 4*w + 1, q*w - w = 1. Suppose 0 = 4*j - f*j - 11. List the prime factors of j.
11
Suppose 6*t - 4*t + 3*i - 496 = 0, -4*t = 5*i - 990. What are the prime factors of t?
5, 7
Let m = -5 - -3. List the prime factors of m/(-5) - (-48)/5.
2, 5
Let b = 183 - 110. What are the prime factors of b?
73
Suppose 2*r + 10 = 2. Let x = 7 + r. List the prime factors of ((-6)/10)/(x/(-15)).
3
Suppose 75 - 18 = 3*p. What are the prime factors of p?
19
Let r = 144 + -73. What are the prime factors of r?
71
Suppose -2*j + j - 4*u = -3, -24 = -3*j + 3*u. List the prime factors of j.
7
Let j be (-5)/15*(1 - 1). Suppose r + 2*r - 174 = j. List the prime factors of r.
2, 29
Suppose 0 = 15*h - 16*h + 42. List the prime factors of h.
2, 3, 7
Let d(h) be the third derivative of h**6/120 + h**5/12 + h**4/8 + 5*h**3/6 - 4*h**2. List the prime factors of d(-4).
3
Let k(j) = -2*j - 4. Let w be k(-11). Let f = 33 - w. List the prime factors of f.
3, 5
List the prime factors of 7/(-3)*-3*2.
2, 7
Let n = 7 + -15. Let i = n - -17. Suppose -3*h = -33 + i. List the prime factors of h.
2
Let k(y) be the first derivative of -5*y**4/24 - y**3/3 + 2*y**2 + 2. Let l(n) be the second derivative of k(n). List the prime factors of l(-4).
2, 3
Suppose 4*f + 5*k - 293 = 0, 3*k - 345 = -5*f + 18. Let s = 115 - f. What are the prime factors of s?
43
Suppose -2*y = b - 22 - 20, -y - 4*b = -21. Suppose 0 = -5*d + 14 + y. Let z = -5 + d. List the prime factors of z.
2
Let f = 74 + -20. List the prime factors of f.
2, 3
Suppose -5*m - 16 = 3*k - 2*k, -m = -4*k + 20. What are the prime factors of k?
2
Let h = 8 - -10. What are the prime factors of h?
2, 3
Let c(f) = -20*f + 46*f - 25*f + 6. List the prime factors of c(-4).
2
Let b(q) be the second derivative of -q**3/3 - 3*q**2 - q. Let i = 13 + -20. What are the prime factors of b(i)?
2
Let u be (-39)/(-2)*(-36)/(-27). Let p = -15 + u. What are the prime factors of p?
11
Let g = -20 - -74. List the prime factors of g.
2, 3
Let g(r) = r**3 + 11*r**2 + 8*r - 9. Let f be g(-10). Let w(t) = 2*t**3 - f + 9*t**2 + 0*t**2 - t**3 - 11*t - t**2. List the prime factors of w(-9).
7
Let n = 18 + -4. List the prime factors of n.
2, 7
Let g(x) = -x**2 + x - 14. Let n be g(0). Let f = n - -5. What are the prime factors of -27*((-9)/(-3))/f?
3
Let z = 4 + 8. List the prime factors of z.
2, 3
Let m(j) = -10*j + 6. Let g be m(-7). Suppose g = 4*x - 2*k - 24, 3*k + 6 = 0. Suppose t = -2*t + x. What are the prime factors of t?
2
Let o be 2 + -1 - 0 - 16. What are the prime factors of 5 + -5 - (o - 0)?
3, 5
Suppose -6*m = -7*m + 21. List the prime factors of m.
3, 7
Suppose -4*v - 12 = -7*v. Suppose v*m - 3*m = 11. What are the prime factors of 1 + -1 - (0 - m)?
11
Let w(l) = l**2 + 2*l + 3. List the prime factors of w(-3).
2, 3
Let g = -11 - -1. Let n = -27 - g. Let z = -10 - n. List the prime factors of z.
7
Let v be 84/30*10/4. Let z be 4 + v + (-1)/(-1). List the prime factors of (-63)/(-4) - 9/z.
3, 5
List the prime factors of 1/((-1)/3) + 21.
2, 3
Suppose -3*o + 3*u - 4*u + 49 = 0, o - 23 = u. What are the prime factors of (-1215)/o*4/(-6)?
3, 5
Suppose 0 = 5*w - w - 492. List the prime factors of w.
3, 41
Suppose 3*p = -3*j + 115 - 34, -5*p = -10. What are the prime factors of j?
5
Let w(b) = -2*b**3 - 5*b**2 - b - 3. What are the prime factors of w(-4)?
7
Let f(w) = 7*w**3 + w**2. Let t be f(1). Let q = 15 - t. Let a = q + -5. List the prime factors of a.
2
Let q(i) = 31*i - 33. What are the prime factors of q(4)?
7, 13
Suppose 0*v + 25 = 5*a - v, 0 = -3*a - 3*v - 3. Suppose -o = o - 4*j - 40, -5*o - a*j = -58. List the prime factors of o.
2, 7
Let k(y) = y**2 + 5*y + 4. Let w be k(-5). Let l = w + -2. What are the prime factors of l?
2
Suppose 0 = -3*u + 4*x + 39, 6*x - 32 = -u + x. What are the prime factors of u?
17
Suppose 2*y = 4*i + 318, -2*y - 5*i + 322 = -10*i. List the prime factors of y.
151
Let x(m) = 2*m**2 + 4. List the prime factors of x(3).
2, 11
List the prime factors of 92 - ((-2)/(-1) - 0).
2, 3, 5
Suppose 4*g + 32 = 3*f, -5*g + g = -4*f + 36. Suppose -f*b + 2*w = -44, 0*w = b + 4*w - 2. What are the prime factors of b?
2, 5
Suppose 0 = -5*w + 3*h + 31, -h + 18 = 4*w - 0*h. Suppose 48 + 2 = 3*l + w*a, -150 = -5*l + 5*a. What are the prime factors of l?
5
Let m(a) = a. Suppose 0 = -5*p - 4*d + 5, -3*p + 40 = 4*d - 9*d. Suppose -p*r + 20 + 0 = 0. What are the prime factors of m(r)?
2
Suppose -2*c + r + 26 = -r, 2*c = 4*r + 30. Let w = -1 + c. What are the prime factors of w?
2, 5
Let n(j) be the second derivative of -j**3/6 + 17*j**2/2 + 2*j. List the prime factors of n(8).
3
Let f(j) = -4*j - 5. What are the prime factors of f(-11)?
3, 13
Suppose -4*p + 4*t + 90 = -54, -34 = -p - t. List the prime factors of p.
5, 7
Let v = -142 + 203. List the prime factors of v.
61
Let l(i) be the first derivative of -24*i**2 - i + 1. Let n be l(-1). Let u = -27 + n. List the prime factors of u.
2, 5
Let j = 79 + -40. Suppose -51 = -3*d + j. List the prime factors of d.
2, 3, 5
Suppose 3*y - 5 = -3*g + 163, -g = 2*y - 51. List the prime factors of g.
61
Let y = 1 - 0. Suppose 4*f - y - 39 = 0. List the prime factors of f.
2, 5
Suppose 3*v - 180 = -v. Let q = 64 - v. What are the prime factors of q?
19
Suppose 2 + 3 = -n, -18 = -2*w + 2*n. Let s = 18 - w. List the prime factors of s.
2, 7
Suppose 36 = 9*y - 324. What are the prime factors of y?
2, 5
Let m = 14 - 10. Suppose 5*i - 25 = -l, 6 + m = 2*i. Suppose l*t + 5 = t. List the prime factors of t.
5
Let v(b) = b**2 - 12*b - 16. List the prime factors of v(-8).
2, 3
Suppose 5*l = 635 + 5. List the prime factors of l.
2
List the prime factors of (-1962)/12*-2 - (2 - 5).
2, 3, 5, 11
Let n = -4 + 2. Let k = n - 0. List the prime factors of 0/k - -3*1.
3
Let s(v) = v**2 + 6*v + 6. Let h be s(-5). List the prime factors of h*(-11)/(-2)*2.
11
Let d(l) = l**2 - 7*l + 9. Let x be d(6). Let w(i) = -i**3 + 8. Let o be w(0). List the prime factors of 204/o*2/x.
17
List the prime factors of 6/(-14) + 261/21.
2, 3
Let z(a) = a**3 + 7*a**2 + 7*a + 9. What are the prime factors of z(-4)?
29
Let a = 22 - 9. Let f = 25 - a. List the prime factors of f.
2, 3
List the prime factors of ((-110)/(-11))/((4 - 1)/42).
2, 5, 7
Let n be 3729/77 - (-8)/14. Let c = n + -33. What are the prime factors of c?
2
Suppose -5*b = -107 - 8. What are the prime factors of b?
23
Suppose 88 = 2*a - 144. List the prime factors of a.
2, 29
Suppose k = 4*k - 105. List the prime factors of k.
5, 7
Suppose 2*d = -d + 30. Let i = -7 + d. Suppose 20 = -4*y, 4*f = -f + i*y + 40. What are the prime factors of f?
5
Suppose 3*r = -2*n + 52, 4*r - 3*r + 5*n = 39. Suppose -16 = -2*i + r. List the prime factors of i.
3, 5
What are the prime fac